(t) = 376*t + 11466. What is g(-31)?
-190
Let p(b) = b**2 + 12496*b + 112404. What is p(-9)?
21
Let d(z) = 7*z**3 - 56*z**2 + 106*z - 144. Determine d(6).
-12
Let k(y) = -866*y - 5521. What is k(-7)?
541
Let h(c) = -c**2 + 989*c - 21264. Calculate h(22).
10
Let n(l) = -3*l**3 - 49*l**2 - 43*l - 1099. Give n(-17).
210
Let j(d) = -2096*d - 20877. Give j(-10).
83
Let b(u) = 37*u**2 + 227*u - 1264. What is b(6)?
1430
Let x(q) = q**3 + 22*q**2 - 25*q + 2976. Give x(-27).
6
Let o(h) = 457*h**3 + h**2 - 50*h + 48. Calculate o(1).
456
Let c(o) = 5082*o + 157554. Determine c(-31).
12
Let x(h) = 123*h - 1909. Determine x(19).
428
Let t(j) = -91*j**2 + 577*j - 27. What is t(5)?
583
Let q(h) = 9606*h + 115080. Calculate q(-12).
-192
Let u(b) = -4*b**2 + 1339*b + 180238. Give u(-103).
-115
Let r(p) = 14*p**2 - 23*p - 949. Calculate r(9).
-22
Let i(a) = a**3 - 63*a**2 + 264*a - 33. Calculate i(58).
-1541
Let n(l) = 48902*l - 831335. Give n(17).
-1
Let m(d) = -d**3 - 188*d**2 - 6810*d + 12408. Calculate m(-138).
-12
Let q(m) = -4466*m - 375093. Calculate q(-84).
51
Let q(b) = 2269*b + 238245. Give q(-105).
0
Let s(h) = -2409*h + 274623. Calculate s(114).
-3
Let f(w) = -3*w**3 + 472*w**2 + 443*w - 20079. Give f(158).
-13
Let h(w) = -10330*w - 6807467. What is h(-659)?
3
Let k(l) = 2*l**2 + 6*l + 7. What is k(0)?
7
Let d(q) = 5*q**2 + 84*q + 281. What is d(-7)?
-62
Let i(n) = -6163*n - 604354. Calculate i(-98).
-380
Let h(l) = 2*l**3 - 206*l**2 + 590*l - 18737. Determine h(101).
49
Let x(u) = 4*u**3 - 288*u**2 - 1097*u + 14763. Determine x(75).
-12
Let w(f) = -5390*f - 5643321. Calculate w(-1047).
9
Let n(p) = -2*p**3 + 15*p**2 - 300*p + 2039. Determine n(7).
-12
Let s(a) = -a**2 + 492*a - 55693. Calculate s(322).
-953
Let m(g) = 52*g + 5814. Give m(-119).
-374
Let i(c) = -c**3 + 183*c**2 + 630*c - 13418. Determine i(186).
-26
Let o(j) = -23*j**2 - 892*j + 27. Calculate o(-7).
5144
Let t(l) = 2*l**3 - 8*l**2 - 2*l - 73. Give t(-5).
-513
Let w(j) = -49*j**3 - 2*j**2 - 25*j - 23. Calculate w(-1).
49
Let u(z) = 847*z - 13137. What is u(14)?
-1279
Let s(k) = 2*k**3 + 9*k**2 - 304*k - 46. What is s(10)?
-186
Let l(u) = -408*u**2 + 2*u - 10. Calculate l(3).
-3676
Let m(c) = 337*c + 32225. What is m(-87)?
2906
Let f(a) = 183*a**2 - 82*a - 79. Give f(-1).
186
Let z(d) = 2130*d + 161847. Give z(-76).
-33
Let i(j) = j**3 + 347*j**2 + 29286*j - 805. Give i(-202).
3
Let o(q) = -q**3 - 7*q**2 + 65*q - 941. Give o(-16).
323
Let b(s) = 9109*s + 190963. Determine b(-21).
-326
Let g(h) = 14203*h**2 - 1335084*h + 124. Determine g(94).
-64
Let m(j) = 94*j - 21622. What is m(226)?
-378
Let x(h) = 436544*h - 6111587. What is x(14)?
29
Let p(k) = 80899*k + 81. Calculate p(0).
81
Let h(t) = -8*t**2 + 994*t - 1019. What is h(124)?
-771
Let s(v) = -v**3 + 6*v**2 + 14052*v - 70289. What is s(5)?
-4
Let d(u) = 2307*u + 62277. Give d(-27).
-12
Let q(k) = -300364*k + 2102543. Determine q(7).
-5
Let c(q) = -7664*q + 7275. Give c(1).
-389
Let c(a) = a**3 - 38*a**2 + 945*a - 43810. Give c(41).
-22
Let w(d) = 128*d**3 + 2688*d**2 - 29*d - 71. What is w(-21)?
538
Let t(k) = 2*k**3 - 575*k**2 - 485*k + 56714. Calculate t(288).
-22
Let k(u) = 494*u + 8483. Give k(-18).
-409
Let p(l) = -3*l**3 - l**2 - 42*l + 175. Give p(8).
-1761
Let s(j) = 7*j**3 + 2983*j**2 + 40785*j - 1241. What is s(-412)?
-5
Let f(g) = -4985*g + 199384. Give f(40).
-16
Let k(v) = v**3 + 98*v**2 + 1821*v - 74. Give k(-25).
26
Let m(g) = -66*g + 6302. What is m(97)?
-100
Let o(t) = -t**3 + 2*t**2 + 420*t + 1239. Calculate o(-3).
24
Let h(x) = x**3 + 21*x**2 - 23*x + 654. Give h(-23).
125
Let v(o) = 3*o**3 - 6*o**2 - 174*o - 176. Determine v(9).
-41
Let o(z) = -470*z**2 + 34*z - 66. Calculate o(2).
-1878
Let k(b) = -b**3 - 1438*b**2 - 98353*b - 1353. What is k(-1366)?
13
Let r(k) = -16*k**3 + 69*k**2 + 101*k + 395. Determine r(6).
29
Let o(i) = -16*i**3 + 2*i**2 - 2352*i - 7077. Determine o(-3).
429
Let i(z) = -6445*z - 109460. Give i(-17).
105
Let i(g) = 713*g + 49202. Calculate i(-69).
5
Let w(z) = -2*z**3 - 93*z**2 + 151*z + 313. Calculate w(-48).
-23
Let a(k) = 2*k**2 + 468*k + 25980. What is a(-138)?
-516
Let t(b) = 4486*b + 24659. What is t(-6)?
-2257
Let y(i) = i**2 - 11578*i + 34705. What is y(3)?
-20
Let d(w) = 4*w**2 - 5384*w + 414584. What is d(82)?
-8
Let b(d) = 3*d**3 + 187*d**2 - 4069*d - 38. Calculate b(16).
-4982
Let j(k) = 199*k + 2390. Calculate j(-8).
798
Let k(i) = -i**2 - 5391*i + 91913. Give k(17).
-23
Let i(a) = -3*a**2 - 111*a + 42804. What is i(-139)?
270
Let o(l) = -7818*l - 101632. What is o(-13)?
2
Let z(v) = v**2 - 115*v - 1215. Give z(127).
309
Let b(i) = i**3 + 148*i**2 - 1256*i - 9856. Give b(-5).
-1
Let v(n) = -n**2 + 112*n - 1874. What is v(23)?
173
Let u(b) = 513*b + 15874. What is u(-31)?
-29
Let h(t) = t**2 - 5830*t - 383212. Calculate h(-65).
-37
Let t(p) = -4095*p - 36623. Calculate t(-9).
232
Let f(u) = u**3 - 138*u**2 - 14279*u - 825. Determine f(207).
3
Let f(z) = 1600*z + 20808. Determine f(-13).
8
Let p(s) = -5407*s - 2963044. Calculate p(-548).
-8
Let r(b) = -b**3 + 7*b**2 - 24*b + 130. Calculate r(7).
-38
Let n(m) = m**3 - 13*m**2 - 217*m - 130. Calculate n(23).
169
Let z(t) = -t**3 - 23*t**2 + 167*t - 20. What is z(-29)?
183
Let r(t) = -1818*t - 6219. Give r(-4).
1053
Let i(u) = u**3 + 921*u**2 - 19416*u + 344793. Give i(-942).
21
Let r(h) = -1317*h**2 + 25059*h - 730. What is r(19)?
-46
Let k(z) = 3*z**3 - 33*z**2 - 200*z - 11555. Calculate k(22).
17
Let x(v) = -2280*v - 40896. Give x(-18).
144
Let n(u) = -17117*u + 718919. What is n(42)?
5
Let k(v) = 2*v**2 - 142*v - 8293. Give k(101).
-2233
Let n(x) = x**3 + 169*x**2 + 1866*x - 2836. Determine n(-157).
-10
Let c(j) = -9*j - 359. What is c(15)?
-494
Let t(l) = -2*l**3 + 857*l**2 - 4737*l + 35548. What is t(423)?
16
Let n(h) = -17*h**2 + 2443*h + 3201. Calculate n(145).
11
Let i(u) = -96*u**2 + 7037*u + 4844. Determine i(74).
-114
Let q(v) = -13*v**3 + 16*v**2 - 59*v + 4. Determine q(4).
-808
Let h(d) = -3*d**3 + 403*d**2 + 693*d - 347. What is h(136)?
1421
Let w(a) = -32387*a - 6477406. Calculate w(-200).
-6
Let m(h) = 5*h**3 + 448*h**2 + 638*h - 5805. What is m(-88)?
3
Let w(p) = -24277*p - 1796531. Give w(-74).
-33
Let n(v) = -v**2 + 212*v + 33312. Determine n(317).
27
Let b(n) = 4*n**2 - 845*n - 9485. Calculate b(-11).
294
Let p(w) = -25*w**2 - 85*w + 625. What is p(-6)?
235
Let n(v) = -v**2 + 64076*v - 3073339. Give n(48).
5
Let t(j) = 3*j**2 + 11864*j + 712546. Calculate t(-61).
5
Let o(a) = -a**2 + 2*a + 4113. Give o(59).
750
Let z(f) = -f**3 + 54*f**2 - 656*f + 21. What is z(24)?
1557
Let j(f) = -449*f - 440. Determine j(-2).
458
Let z(g) = -5465*g - 426217. Give z(-78).
53
Let a(r) = -r**2 - 26811*r - 7166063. What is a(-270)?
7
Let x(m) = -22259*m - 89073. Determine x(-4).
-37
Let l(r) = -16*r**2 - 86*r + 123. Give l(-6).
63
Let i(a) = 9*a + 1823. Determine i(-102).
905
Let l(h) = -h**2 - 48*h + 31250. What is l(-203)?
-215
Let n(h) = -2*h**2 - 588*h + 183649. Calculate n(189).
1075
Let u(k) = -2*k**2 - 305*k + 11483. Calculate u(31).
106
Let z(h) = 53971*h + 162802. Calculate z(-3).
889
Let o(i) = 62*i**2 + 3206*i - 943. Give o(-52).
-7
Let l(a) = -39689*a + 317359. Determine l(8).
-153
Let o(q) = q**2 - 170*q - 27713. What is o(270)?
-713
Let k(f) = -153*f**2 - 20*f - 99. Calculate k(-3).
-1416
Let z(s) = -4*s**3 + 92*s**2 - 176*s + 9404. Determine z(25).
4
Let c(h) = -2001496*h + 20014959. Give c(10).
-1
Let a(c) = -c**3 - 39*c**2 - 172*c + 22. Determine a(0).
22
Let h(u) = -177*u + 2295. What is h(13)?
-6
Let s(c) = c**3 - 45*c**2 - 60*c + 648. Calculate s(46).
4
Let r(i) = -11*i**2 + 131*i + 2735. Give r(22).
293
Let w(v) = -v**3 - 81*v**2 + 735*v - 104. Determine w(-89).
-2151
Let u(o) = -4278*o - 31391. Determine u(-8).
2833
Let r(a) = -2*a**2 - 28*a - 55. What is r(9)?
-469
Let a(v) = 2*v**2 + 96171*v + 2306953. What is a(-24)?
1
Let f(t) = -113*t**2 - 7665*t + 1297. Give f(-68).
5
Let y(u) = u**3 + 14*u**2 - 3435*u - 6080. Determine y(53).
68
Let s(v) = -82*v**2 + 266*v + 235. Determine s(4).
-13
Let u(j) = 244*j + 30921. Calculate u(-129).
-555
Let g(h) = 1707*h + 40966. What is g(-24)?
-2
Let p(b) = b**3 - 880*b**2 + 19105*b - 17607668. Give p(881).
-2
Let z(t) = 468*t - 11665. Give z(31).
2843
Let o(i) 